 the remainder when l(-4) is divided by 71?
64
Suppose h - 18 = -2*r, 42 = 3*h + 5*r - 15. Let i = h + -1. What is the remainder when 45 is divided by i?
22
Let c(a) = 14*a + 37. Let p be c(-13). Let v = 212 + p. Calculate the remainder when v is divided by 24.
19
Suppose -4*n - 23 = -q - 81, -54 = q - 3*n. What is the remainder when 2 - (q - (-2 - -4)) is divided by 25?
21
Let q be 1 + (1 - (1 + -3)). Suppose -n = n - q. What is the remainder when ((-44)/2)/((-1)/n) is divided by 15?
14
Let i be (-4 + 10)*(1 + 2)/(-6). Calculate the remainder when (-950)/(-20) - i/2 is divided by 26.
23
Suppose -3*x - 4*v + 215 = 0, 3*x - x = -v + 140. Let g = x + -36. Calculate the remainder when g is divided by (-1)/(-5) - (-59)/5.
9
Suppose d = 2*d + 19. Let s = 120 + d. What is the remainder when s is divided by -264*(-7)/56 - (10 - 1 - 2)?
23
Suppose 29 = 5*l + 2*m, 4*l + l - 5*m = 50. What is the remainder when 165 is divided by l*(-5 + 35/5)?
11
Let c(j) = -j**3 - 10*j**2 - 5*j + 10. Let y(r) = r - 1. Let v(s) = c(s) + 4*y(s). Calculate the remainder when 45 is divided by v(-10).
13
Suppose -9*g = -8*g - 5 - 6. Let f(m) = -m**3 + 6*m**2 - m - 1. What is the remainder when f(4) is divided by g?
5
Let z = -94 + 156. Suppose 0 = -3*n + 2*o + 27 + z, 92 = 4*n + 4*o. Let h(x) = x + 4. What is the remainder when n is divided by h(6)?
7
Let f = 7 - -3. Suppose -3*z - 365 = z + 3*i, -i = -4*z - 369. Let c = z - -121. What is the remainder when c is divided by f?
9
Let k(j) = j**3 - 3*j**2 - 3*j + 6. What is the remainder when 33 is divided by k(4)?
3
Let k = 0 + 6. Let u be (0 - (2 - -1)) + -1. Calculate the remainder when -44*(3 - (-14)/u) is divided by k.
4
Let a = 90 - 50. Suppose -x - 5 = -a. Calculate the remainder when x is divided by 20 - ((0 - 0) + 2).
17
Let t(c) = c - 2. Let o be t(10). Suppose 2*b - 7*b - 65 = -5*a, -59 = -3*a - 2*b. Calculate the remainder when (-1 - o/(-3))*30 is divided by a.
16
Let n(b) = b - 12. Let u be n(12). Suppose 2*y - 5*y = u. Let p = y + 4. What is the remainder when 9 is divided by p?
1
What is the remainder when 116 is divided by 188/(-36) + 5 + (-978)/(-27)?
8
Let y(a) = 90*a - 226. Calculate the remainder when y(3) is divided by 23.
21
Let z(d) = 24*d - 8. What is the remainder when z(2) is divided by 14?
12
Suppose -4*g = -8*g. Suppose -4*h = 4*i - 72, g*h + 2*i - 18 = -h. Suppose 5*c - 51 = -2*v, 4*v - 4 = -3*c + 21. Calculate the remainder when h is divided by c.
7
Let a = -17 - -19. Suppose h = -a + 8. What is the remainder when 11 is divided by h?
5
Let w(o) = -2*o + 8. Suppose 48 = -j + 4*j. What is the remainder when w(-13) is divided by 4/j - 105/(-12)?
7
Let a(x) = -20*x + 8. What is the remainder when a(-10) is divided by 30?
28
Let d be (-2)/(-7) + (-552)/21. Let k = -17 - d. Calculate the remainder when ((-5)/10)/((-1)/34) is divided by k.
8
Suppose 5 + 4 = -r. Suppose 5*d - 45 = 5*q, -4*q - 30 = -4*d + d. Calculate the remainder when 102 is divided by r/d + (-275)/(-10).
24
Suppose 6*p - 2*p = 140. Suppose -6*k + 2*z = -3*k - 116, -4*k + 2*z = -152. Suppose -5*n + n = -k. What is the remainder when p is divided by n?
8
What is the remainder when 7 + (211 - 12/12) is divided by 68?
13
Suppose 0 = 21*h - 19*h. Suppose h = -4*i + 5*i, 0 = -2*v - i + 44. What is the remainder when 87 is divided by v?
21
What is the remainder when 1062 is divided by 16559/203 + 3/7?
78
Let d = 67 + -57. Suppose -h = d - 58. What is the remainder when h is divided by 13?
9
Let w be (3/(-4))/(1 + 66/(-48)). Suppose y - w*n + 4*n - 4 = 0, -y + 2*n = 0. What is the remainder when y is divided by 2?
0
Suppose -2*k - 4*f + 48 - 2 = 0, 0 = -5*k - 4*f + 97. Suppose 5*q + 20 - 1 = 4*m, m - 2*q - 1 = 0. What is the remainder when k is divided by m?
6
Let f(h) = h**2 + h + 6. Let g(a) = a**2 - 20*a - 6. Let r be g(20). Calculate the remainder when f(r) is divided by 14.
8
Let j = -57 - -7. Let d = j - -60. What is the remainder when 39 is divided by d?
9
Let w(d) = 3*d**2 - 9*d - 14. Let n be w(-4). Let v = -31 + n. What is the remainder when v is divided by 14?
11
Suppose 50*o = 33*o + 1122. Let z(f) = -f**3 - 10*f**2 + 9*f - 8. What is the remainder when o is divided by z(-11)?
10
Let a(u) = 3*u - 6. Let j be a(2). Suppose 6*i - 11*i + 20 = j. What is the remainder when (12 - -7)*(i - 0) is divided by 26?
24
Suppose -3*i + 26 = -z, 5*z = -5*i + 30 - 0. Calculate the remainder when 22 is divided by i.
6
Suppose -p + 10 = 5*y, 8*p - 3*p + 25 = 0. Suppose -u - y = -25. What is the remainder when 82 is divided by u?
16
Let k(a) = a + 11. Let b(x) = x**3 - 11*x**2 + 10*x + 12. Let i be b(10). Let v(t) = 3*t - 11. Calculate the remainder when k(i) is divided by v(8).
10
Let p(m) = -75*m + 27. Calculate the remainder when p(-2) is divided by 5.
2
Let i(l) = -l**3 + l + 64. Let g(b) = b**2 - 25*b + 3. Let a be g(25). Suppose -2*j - a*d = -34, -7*d = -3*d. Calculate the remainder when i(0) is divided by j.
13
Let k(q) = 25*q. Let x(l) be the first derivative of -l**4/4 + 5*l**3/3 + 3*l**2 + 13*l + 6. Calculate the remainder when k(1) is divided by x(6).
12
Let o(g) = 6*g**2 + 21*g + 24. Calculate the remainder when o(-7) is divided by 152.
19
Let i(a) = a**2 - 6*a + 5. Let q be i(6). Suppose j + 8 = 2*g, q*g - 5*j - 4 = 11. Let n(z) = 4*z. Calculate the remainder when 59 is divided by n(g).
19
Calculate the remainder when 8 - (-5)/((-55)/(-3916)) is divided by 96.
76
Let l(f) = -12*f**3 - 5*f**2 - f + 5. Let p(r) = 24*r**3 + 9*r**2 + 2*r - 9. Let i(v) = 5*l(v) + 3*p(v). What is the remainder when 46 is divided by i(1)?
7
Suppose 34*t = 5*d + 29*t - 210, 3*t = 4*d - 163. Calculate the remainder when 220 is divided by d.
35
Let c(u) = 33*u + 4. Let o be c(13). Suppose 55 = -7*v + o. Calculate the remainder when v is divided by 14.
12
Suppose -17 + 281 = 3*z. Suppose 5*g + v - 395 = -z, 5*v = 5*g - 325. Calculate the remainder when g is divided by 21.
20
Let z(k) = -k**2 + 15*k + 10. Calculate the remainder when z(5) is divided by (-318)/(-14) - 24/(-84).
14
Let y(u) be the first derivative of -u**4/4 - 8*u**3/3 - 9*u**2/2 - 20*u - 35. Calculate the remainder when 204 is divided by y(-8).
48
Suppose -5*b = 55 - 275. Let o = b - 24. Suppose 4*z - 2*z = o. Calculate the remainder when 38 is divided by z.
8
Suppose -5*n - 7 - 8 = -2*l, -3*l - 4*n + 11 = 0. Suppose -4 = l*u + 1, 4*u + 25 = 3*k. Calculate the remainder when 25 is divided by k.
4
Let q(n) be the second derivative of -n**4/12 - 19*n**3/6 + 5*n**2/2 + 15*n. What is the remainder when q(-16) is divided by 17 - 1/1 - -2?
17
Suppose 4*r - 72 = r. Let t(q) = -2*q**3 - 9*q**2 - 5*q + 19. Calculate the remainder when t(-5) is divided by r.
21
Suppose -3*q + 254 = -2*s, -2*s + 295 + 39 = 4*q. What is the remainder when q is divided by 8?
4
Let p(f) = -f**2 + 85. Let d be p(0). Let w = -27 + d. What is the remainder when w is divided by 12?
10
Let l(o) = -o**3 + 14*o**2 - 6*o - 30. Suppose 0 = z + 4*a - 16, -2*z - a + 32 = -0*z. What is the remainder when l(13) is divided by z?
13
Let x(v) = v**3 + 8*v**2 + 15. Let r be x(-7). Let o = r - 19. Calculate the remainder when o is divided by 17.
11
Let l(z) = -27*z**2 - 435*z - 16. What is the remainder when 35 is divided by l(-16)?
3
Let n(l) = -2*l**3 - 25*l**2 - 126*l - 1. What is the remainder when n(-7) is divided by 79?
26
Suppose -4*w + 69 - 517 = 0. Let z = w - -163. Calculate the remainder when z is divided by 14.
9
Let a = 37 - -80. Let d(r) be the first derivative of -5*r**2 - 30*r + 1. Calculate the remainder when a is divided by d(-6).
27
Let n = 186 + -164. What is the remainder when n is divided by 5?
2
Let m = 273 - 197. Let q(x) = -5*x - 4. What is the remainder when m is divided by q(-4)?
12
Let t(u) = u**2 - 18*u + 104. What is the remainder when 253 is divided by t(6)?
29
Let z = 751 - 736. Let v = 173 - 124. Let r = -22 + v. What is the remainder when r is divided by z?
12
What is the remainder when (-3 - 113)*(-3)/12 is divided by 16?
13
What is the remainder when 74 is divided by -26*(5/2 + (-9 - -6))?
9
Let i(v) = 21*v - 8. Let c(y) = y - 1. Let j(l) = -6*c(l) + i(l). What is the remainder when 23 is divided by j(1)?
10
Let p be (2 + -2)/(8 - 10). Suppose -5*j + 6*j - 14 = p. Let l(y) = y**2 - 4*y - 5. What is the remain